 = -5*l, -f + 3*l = -0*f + 9. Suppose a - 5*t + 6 - 35 = 0, 5*a - 105 = 5*t. Let v = a + f. Let w(g) = g**3 - 3*g**2 - 5*g + 5. Give w(v).
1
Let c be 5/(-10)*3*4. Let q(r) = -4 + r**2 - 3*r - 3*r - 2*r**2. Give q(c).
-4
Let r(w) be the second derivative of w**8/6720 + w**7/840 + w**6/360 + w**5/40 + 3*w**4/4 + w. Let g(b) be the third derivative of r(b). Determine g(-2).
3
Let o(r) = r**3 + 10*r**2 + 9*r + 5. Let m be o(-9). Suppose 4*z + 7 = -2*l - m, -5*l + 3 = -z. Let w(d) = d**3 + d**2 - 17. Calculate w(l).
-17
Suppose -3*x - 12 = -2*d, 4*d = 3*x + 14 - 2. Let m(i) be the second derivative of -i**5/20 - i**4/2 - i**3/3 + 2*i**2 - 3*i. Calculate m(x).
-20
Let o(h) = -4*h - 1 + 0*h**3 + 5*h - h**2 - h**3 - 1. Let p be (-4)/(5 + -1) - -1. Calculate o(p).
-2
Let w(i) be the second derivative of -i**3/6 - 2*i**2 + i. Suppose 50*s - 23*s - 23*s - 16 = 0. Calculate w(s).
-8
Let c(q) = q**3 - 6*q**2 - 9*q + 7. Suppose -66 + 17 = -7*d. Calculate c(d).
-7
Let d(j) be the third derivative of -5*j**4/12 - j**3/6 - 2*j**2. Let q = 21 + -24. Let p(k) = -19*k - 2. Let a(u) = q*p(u) + 5*d(u). Determine a(1).
8
Let r(c) = c - 1. Let i be 6*2/8*(-1648)/(-24). Let x = -111 + i. Determine r(x).
-9
Let l(b) be the third derivative of b**4/12 - 2045*b**2. Let y = 6 + -3. What is l(y)?
6
Suppose -2*w = -1 + 11, 5*n - 5 = -2*w. Let k(u) be the third derivative of -u**5/60 + u**4/6 + u**3/3 - 2*u**2 - 60*u. Give k(n).
5
Suppose 24*q + 21*q - 90 = 0. Let g(h) = 25*h**2 - 9*h - 1. Let i(c) = -6*c**2 + 2*c. Let l(x) = 2*g(x) + 9*i(x). Give l(q).
-18
Let v be (-256)/(-40) - (-6)/(-15). Let z(k) = -k - 4 + v*k**2 - 6 + 10. What is z(1)?
5
Let k(n) = -n**3 - 5*n**2 + 6*n. Suppose h + 68 = 2*q, 3*q = 2*h - 26 + 157. Let v = h + 52. Calculate k(v).
0
Let j(o) = o**3 + 8*o**2 + 14. Let x be j(-8). Suppose x - 2 = 4*m. Let c(a) = a**2 - 4*a + 2. Determine c(m).
-1
Let c(v) = -v**3 - 4*v**2 + 2*v. Let g be c(-5). Let n = -9 + g. Let x(q) = -2 - 50*q**2 + 49*q**2 + 5*q + 2. Calculate x(n).
-6
Let c(t) = -11*t**2 - 2*t + 1. Let j be (-12)/(-9) - ((-32)/12)/(-8). Calculate c(j).
-12
Let d(q) = -1 - 4*q - 4 + 8 + 3. Let k(f) = 4*f - 6. Let s(t) = 3*d(t) + 2*k(t). Give s(5).
-14
Let c(m) = 2*m**2 - 41*m - 21. Let b = 674 + -653. Determine c(b).
0
Suppose 2*d - m + 7 = 0, d + 2 = -2*m + 6. Let r(w) = -w - w**2 + 29 - 58 + 29. What is r(d)?
-2
Let z(y) = 4*y - 4. Let r(j) = 5*j + 1 - 13*j + 9*j. Let c(o) = -3*r(o) - z(o). Calculate c(1).
-6
Let m(r) = -6*r**2 - 4*r + 11. Let j(k) = 2*k**2 + k - 4. Let y(b) = 7*j(b) + 2*m(b). Determine y(0).
-6
Let c = -187 + 188. Let d(u) be the first derivative of -u**4/4 + u**3/3 - u**2 + u + 14. Determine d(c).
-1
Let d(s) = s**2 - 4*s - 1. Let c be (4/(-5))/((-4)/10). Let j be ((-24)/(-3))/c + 0. Suppose 10 = 5*l - 5*z, -1 + 11 = 2*l + j*z. Determine d(l).
-4
Let s(h) = -h**3 - 4*h**2 - 3*h - 1. Let k = -18 - -19. Let y be 15*6/9*k. Let v = y + -13. Give s(v).
-1
Let l(y) = 2. Let n(m) = -m + 19. Let z(v) = -3*l(v) + n(v). Determine z(14).
-1
Let n(f) = -f**3 - 11*f**2 + 7*f - 14. Let p be n(-12). Let i(g) = -g + 7 - p + 15 + 10. Determine i(-6).
-8
Let v be -2 + (12/3 - 4) + 0. Let r(k) = -5*k - 2. Let l(y) = y. Let m = 13 + -14. Let g(s) = m*l(s) + r(s). Determine g(v).
10
Let q(t) = t**3 - 8*t**2 + 4*t + 9. Let j(o) = -2*o - 67. Let v be j(-37). Determine q(v).
-12
Let h(a) = -a - 1. Let x be (-2)/6 - ((-704)/24)/4. Suppose 5*z - 7 - 10 = -4*n, -x = -3*z - 4*n. What is h(z)?
-6
Let q(a) = 1190 + 1200 - 2415 - a**2 - 13*a. Give q(-11).
-3
Let j = 13 + -10. Let a(t) = -2*t**2 - t**2 - 4*t + 4 - t**j - 6*t**2 - 3*t. Determine a(-8).
-4
Suppose 2*w + p = 3*p - 6, 4*w + 4*p = 12. Let t(h) be the first derivative of -h**2/2 - h + 1. Calculate t(w).
-1
Let p(x) = 2*x**2 - 6*x + 5. Let q(n) = n**3 + 24*n**2 - 4*n - 89. Let c be q(-24). Give p(c).
61
Let s(d) = -4 + 27 + 9*d - 2 - 9 + d**2. Determine s(-8).
4
Let y be (-2)/(-14) + (-360)/315. Let w(q) = -4*q - 1. What is w(y)?
3
Let p(c) = c - 5. Suppose 0 = i + 1 + 4. Determine p(i).
-10
Suppose 9 - 28 = -19*c. Let s(a) = -8*a**3 - 2*a**2 - 4*a + 3. Let t(q) = -5 + 8*q**3 + 7 + 3*q**2 - 6 + 5*q. Let x(n) = -5*s(n) - 4*t(n). Give x(c).
7
Let k = 1 - 6. Let n(f) = -11*f**3 + 10*f**2 + 4*f - 3. Let c(o) = -8*o**3 + 9*o**2 + 4*o - 2. Let i(d) = 4*c(d) - 3*n(d). Calculate i(k).
6
Let k be (((-1)/(-1))/((-27)/189))/(-1). Let u(f) = f**2 - 6*f + 2. Give u(k).
9
Suppose 22*z = 21*z - 2*t + 7, -4*z + 14 = t. Let g(v) = -6*v + 4 - 3 + 2 - v. Determine g(z).
-18
Let t be (-40)/6*102/(-85). Suppose t*d - 7 = 17. Let z(s) = s**2 - 1 - s + 5*s + s**3 - d*s**3 - 4*s**2. Calculate z(-3).
14
Let a(k) = -12*k + 2. Let u be 15/(-30)*-1*6. Give a(u).
-34
Let o(b) = -b + 1. Suppose 5*g = z - 20, 2*z - 10 = 3*g + g. Let h(w) = 6*w + 4. Let p(f) = g*o(f) - h(f). Determine p(0).
-9
Let a(x) = -3*x**2 - 4*x. Let r(b) = -2*b**2 - 3*b + 1. Suppose 34 + 2 = 3*g. Suppose -s = 3*s + g. Let h(l) = s*a(l) + 4*r(l). Determine h(0).
4
Let l(v) = -v + 21. Suppose -3*u = -3*h + 33, 0 = -9*h + 7*h - 4*u + 10. Give l(h).
12
Let y(k) = 1 - 14 - k + 4 + 3 + 4. Determine y(4).
-6
Let m(d) be the first derivative of -5/2*d**2 + 5/3*d**3 + 1/4*d**4 + 27 + 4*d. Calculate m(-6).
-2
Let m(t) = 2*t + 4. Let u(p) = -2*p**2 + 10*p + 5. Let s be (0 - -5)*36/30. Let z be u(s). Determine m(z).
-10
Let c(z) be the second derivative of -z**6/120 - 3*z**5/20 + z**4/24 + 11*z**3/6 - 7*z**2/2 - 7*z. Let i(q) be the first derivative of c(q). What is i(-9)?
2
Let n(x) = 5*x**2 - 3*x + 4. Let k(c) = -c**2 - 1. Let b(m) = 6*k(m) + n(m). What is b(-1)?
0
Let x(r) be the second derivative of -r**5/10 + r**4/4 - r**3/6 + r**2 - 2*r. Suppose 0 = -5*v - 4*c + 22, -2*c + 2 = 3*v - 5*v. What is x(v)?
-4
Let t(s) = s**3 - s**2 + s - 1. Let l be (-5 - -2)*6/(-9). Let p(h) = -3*h**3 + 6*h**2 - 4*h + 2. Let i(w) = l*t(w) + p(w). Let u be -3*(5 - 2)/(-3). Give i(u).
3
Let f = 309 - 303. Let w(r) = -r + 13. Calculate w(f).
7
Let h(o) = 5 + 0*o**2 - 11 + o**2 - 4*o + 4. Determine h(5).
3
Let q = 48 - 38. Suppose q*p + 5 = 5*p. Let l(j) = -7*j**3 + j**2 + 3*j - 4. Let n(z) = 15*z**3 - 2*z**2 - 5*z + 7. Let d(u) = 5*l(u) + 3*n(u). Calculate d(p).
-10
Let w(v) = -v**2 + 7*v - 6. Let m(h) = h**2 + 6*h + 1. Let b = -44 + 37. Let q be m(b). What is w(q)?
-14
Let d(b) = -b**3 - 7*b**2 - 13 + 40 - 20 - 5*b. Give d(-6).
1
Let y(t) = t - 2. Let z(a) = -a**3 + 26*a**2 + 27*a - 5. Let c be z(27). Determine y(c).
-7
Let q be 4 + -1 + (-2)/2. Let a(k) = 7*k - 4*k**3 + 0 + 3*k**3 + 3*k**q - 6. Let v = -300 + 304. Give a(v).
6
Let j(t) = t**3 - 5*t**2 - t + 7. Suppose -4*m - 2 = 4*q - 6, -m + 5*q + 1 = 0. Suppose f = 6 - m. Determine j(f).
2
Let v(u) be the third derivative of -u**6/60 - u**5/30 - u**3/3 - 2*u**2 + 24*u. What is v(-2)?
6
Let a be (-6)/(-27) - (-38)/(-9). Let y(s) = -s**3 - 5*s**2 - 4*s. Let t be y(a). Suppose -3*d - 2*d + 20 = t. Let c(k) = -2*k - 5. Give c(d).
-13
Let o be 36/8*2/(-3). Let p(s) = 6*s + 10. Give p(o).
-8
Suppose 15 = 5*q - 0. Suppose 3*i - 19 = 5*g, q*g + 23 = -i - 3*i. Let c(n) = -n**2 - 3*n + 1. Determine c(i).
3
Suppose 0 = 6*w - w + 15, 5*r = 3*w - 111. Let d = r - -19. Let u(m) = -m**2 - 7*m + 1. What is u(d)?
11
Let b = 92 - 46. Suppose b - 7 = 3*k. Suppose 0 = 4*l - 8, 3*i + 5*l - k = 2*i. Let j(w) = -2*w**2 + 3*w + 2. Determine j(i).
-7
Let n(d) = 5*d**3 - 14*d**2 - 5*d + 7. Let s(r) = -r**3 + 2*r**2 + r - 2. Let z(t) = -n(t) - 6*s(t). What is z(0)?
5
Let h(l) = -673 + 8*l - 2*l + 336 + 335. Determine h(-3).
-20
Suppose -34*i = -28*i. Let z(r) = -r**3 - r**2 - 2*r - 15. What is z(i)?
-15
Let i(j) = -j**2 - 8*j + 6. Let t = 585 + -580. Determine i(t).
-59
Suppose 5*i + 2*v = -v + 35, -2*i - 2*v + 18 = 0. Let u(z) = -5*z - 25*z - 4 + 14*z + 19*z. Determine u(i).
8
Let r(j) be the second derivative of j**5/20 + j**4/3 - 2*j**2 - 2*j. Suppose 0 = -2*b + 3*m - 11, 2*m - 7 = b - m. Calculate r(b).
-4
Let n = -1460 + 1463. Let a(o) be the third derivative of -1/24*o**4 + 0*o + 10*o**2 + 0 - 7/6*o**n. What is a(-6)?
-1
Let c = -4 - 1. Let k(b) = -27*b - 8. Let n(q) = -48*q - 15. Let v(i) = -7*k(i) + 4*n(i). Calculate v(c).
11
Let b(l) = 2*l**3 + 44*l**2 + 28*l + 4. Let a(x) = x**3 + 24*x**2 + 15*x + 3. Let t(m) = -5*a(m) + 3*b(m). Determine t(-11).
1